{"id":1637,"date":"2025-03-03T10:07:11","date_gmt":"2025-03-03T03:07:11","guid":{"rendered":"https:\/\/thamthuanphat.vn\/?post_type=product&#038;p=1637"},"modified":"2025-03-03T10:15:22","modified_gmt":"2025-03-03T03:15:22","slug":"tham-gach-sun","status":"publish","type":"product","link":"https:\/\/thamthuanphat.vn\/?product=tham-gach-sun","title":{"rendered":"Th\u1ea3m G\u1ea1ch SUN"},"content":{"rendered":"<table>\n<tbody>\n<tr>\n<td width=\"94\">T\u00ean th\u1ea3m:<\/td>\n<td width=\"217\">Th\u1ea3m SUN<\/td>\n<\/tr>\n<tr>\n<td width=\"94\">Ch\u1ea5t li\u1ec7u:<\/td>\n<td width=\"217\">100% PP<\/td>\n<\/tr>\n<tr>\n<td width=\"94\">Kh\u1ed5 th\u1ea3m:<\/td>\n<td width=\"217\">50cm*50cm<\/td>\n<\/tr>\n<tr>\n<td width=\"94\">\u0110\u1ed9 D\u00e0y:<\/td>\n<td width=\"217\">\u00b15mm<\/td>\n<\/tr>\n<tr>\n<td width=\"94\">Xu\u1ea5t x\u1ee9:<\/td>\n<td width=\"217\">Trung Qu\u1ed1c<\/td>\n<\/tr>\n<\/tbody>\n<\/table>\n<p><strong>Th\u1ea3m tr\u1ea3 s\u00e0n ch\u1ea5t li\u1ec7u:<\/strong><strong> S\u1ee3i m\u1eb7t g\u00fat<\/strong><\/p>\n<p><strong>K\u00edch th\u01b0\u1edbc:<\/strong><strong> 50cmx50cm<\/strong><\/p>\n<p><strong>\u0110\u1ed9 d\u00e0y:<\/strong><strong>5<\/strong><strong> mm<\/strong><\/p>\n<p><strong>Nh\u1eadp kh\u1ea9u tr\u1ef1c ti\u1ebfp t\u1eeb Trung Qu\u1ed1c.<\/strong><\/p>\n<p><strong>Th\u1ea3m g\u1ea1ch SUN l\u00e0 th\u1ea3m tr\u1ea3i d\u1ea1ng t\u1ea5m, k\u00edch th\u01b0\u1edbc 50 x 50 cm\/t\u1ea5m (l\u1eafp gh\u00e9p nh\u01b0 g\u1ea1ch men l\u00f3t s\u00e0n) , \u0111\u00e2y l\u00e0 m\u1ed9t trong nh\u1eefng m\u00e3 th\u1ea3m g\u1ea1ch r\u1ebb nh\u1ea5t th\u1ecb tr\u01b0\u1eddng v\u1edbi ch\u1ea5t li\u1ec7u \u0111\u1ebf cao su PVC b\u1ec1n b\u1ec9 tu\u1ed5i th\u1ecd s\u1eed d\u1ee5ng tr\u00ean 5 n\u0103m.\u00a0<\/strong><\/p>\n<p><strong>Th\u1ea3m g\u1ea1ch SUN l\u00e0 th\u1ea3m d\u1ea1ng s\u1ecdc v\u00e0ng n\u1ec1n x\u00e1m, h\u1ecda ti\u1ebft s\u1ecdc ph\u00f9 h\u1ee3p cho nhi\u1ec1u m\u1eb7t s\u00e0n nh\u01b0 th\u1ea3m tr\u1ea3i s\u00e0n bida th\u1ea3m l\u00f3t v\u0103n ph\u00f2ng th\u1ea3m tr\u1ea3i showroom.\u00a0<\/strong><\/p>\n<p><img decoding=\"async\" src=\"https:\/\/file.hstatic.net\/1000364962\/file\/sun_09_grey_kms_c897f89a80a34590bf3b34c86c3b0a18_grande.jpg\" alt=\"lap dat tham bida\" \/><\/p>\n<p><img decoding=\"async\" src=\"https:\/\/file.hstatic.net\/1000364962\/file\/sun_09_grey_kms-3_40bd14bdddb54d6288cdb1f52179a05b_grande.jpg\" alt=\"lap dat tham bida gia sieu re\" \/><\/p>\n<p><em><strong>Th\u1ea3m SUN\u00a009 m\u00e0u x\u00e1m<\/strong><\/em><\/p>\n<p><img decoding=\"async\" src=\"https:\/\/file.hstatic.net\/1000364962\/file\/sun_05_black-2a_5edde75d76794a27938e1ba3c4d62163_grande.jpg\" alt=\"tham san bida\" \/><\/p>\n<p><img decoding=\"async\" src=\"https:\/\/file.hstatic.net\/1000364962\/file\/sun_05_black_kms-4_6b75c8c8ea7a40a58e64e3d73b134556_grande.jpg\" alt=\"tham gia re trai san bida\" \/><\/p>\n<p><em><strong>Th\u1ea3m SUN\u00a005 m\u00e0u x\u00e1m \u0111\u1eadm<\/strong><\/em><\/p>\n<p><img decoding=\"async\" src=\"https:\/\/file.hstatic.net\/1000364962\/file\/sun_01_be_kms-4_49a0ca19e07d4e2690aab1fafde0d3d7_grande.jpg\" alt=\"tham hoa van mau kem\" \/><\/p>\n<p><img decoding=\"async\" src=\"https:\/\/file.hstatic.net\/1000364962\/file\/sun_01_beige-2a_fb1b69d5e4f944dfa8d785232ac92318_grande.jpg\" alt=\"THAM GACH VAN PHONG DANG SOC\" \/><\/p>\n<p><em><strong>Th\u1ea3m SUN\u00a001 m\u00e0u v\u00e0ng kem<\/strong><\/em><\/p>\n<p><strong><em>M\u1eb7t th\u1ea3m d\u1ec7t \u0111\u1ec1u \u0111\u1ee7 s\u1ee3i 100% kh\u00f4ng b\u1ecb bung tr\u00f3c s\u1ee3i sau khi s\u1eed d\u1ee5ng, c\u00f9ng \u0111\u1ebf cao su n\u00ean tr\u1ea3i \u0111\u01b0\u1ee3c tr\u00ean c\u00e1c s\u00e0n b\u00ea t\u00f4ng tu\u1ed5i th\u1ecd s\u1eed d\u1ee5ng tr\u00ean 5 n\u0103m.<\/em><\/strong><\/p>\n","protected":false},"excerpt":{"rendered":"<p>T\u00ean th\u1ea3m: Th\u1ea3m SUN Ch\u1ea5t li\u1ec7u: 100% PP Kh\u1ed5 th\u1ea3m: 50cm*50cm \u0110\u1ed9 D\u00e0y: \u00b15mm Xu\u1ea5t x\u1ee9: Trung Qu\u1ed1c Th\u1ea3m tr\u1ea3 s\u00e0n ch\u1ea5t li\u1ec7u: S\u1ee3i m\u1eb7t g\u00fat K\u00edch th\u01b0\u1edbc: 50cmx50cm \u0110\u1ed9 d\u00e0y:5 mm Nh\u1eadp kh\u1ea9u tr\u1ef1c ti\u1ebfp t\u1eeb Trung Qu\u1ed1c. Th\u1ea3m g\u1ea1ch SUN l\u00e0 th\u1ea3m tr\u1ea3i d\u1ea1ng t\u1ea5m, k\u00edch th\u01b0\u1edbc 50 x 50 cm\/t\u1ea5m (l\u1eafp gh\u00e9p&#8230;<\/p>\n","protected":false},"featured_media":1645,"comment_status":"open","ping_status":"closed","template":"","meta":{"inline_featured_image":false},"pwb-brand":[],"product_brand":[],"product_cat":[101],"product_tag":[],"class_list":{"0":"post-1637","1":"product","2":"type-product","3":"status-publish","4":"has-post-thumbnail","6":"product_cat-tham-tam-tham-gach","8":"first","9":"instock","10":"shipping-taxable","11":"purchasable","12":"product-type-simple"},"acf":[],"brands":[],"_links":{"self":[{"href":"https:\/\/thamthuanphat.vn\/index.php?rest_route=\/wp\/v2\/product\/1637","targetHints":{"allow":["GET"]}}],"collection":[{"href":"https:\/\/thamthuanphat.vn\/index.php?rest_route=\/wp\/v2\/product"}],"about":[{"href":"https:\/\/thamthuanphat.vn\/index.php?rest_route=\/wp\/v2\/types\/product"}],"replies":[{"embeddable":true,"href":"https:\/\/thamthuanphat.vn\/index.php?rest_route=%2Fwp%2Fv2%2Fcomments&post=1637"}],"wp:featuredmedia":[{"embeddable":true,"href":"https:\/\/thamthuanphat.vn\/index.php?rest_route=\/wp\/v2\/media\/1645"}],"wp:attachment":[{"href":"https:\/\/thamthuanphat.vn\/index.php?rest_route=%2Fwp%2Fv2%2Fmedia&parent=1637"}],"wp:term":[{"taxonomy":"pwb-brand","embeddable":true,"href":"https:\/\/thamthuanphat.vn\/index.php?rest_route=%2Fwp%2Fv2%2Fpwb-brand&post=1637"},{"taxonomy":"product_brand","embeddable":true,"href":"https:\/\/thamthuanphat.vn\/index.php?rest_route=%2Fwp%2Fv2%2Fproduct_brand&post=1637"},{"taxonomy":"product_cat","embeddable":true,"href":"https:\/\/thamthuanphat.vn\/index.php?rest_route=%2Fwp%2Fv2%2Fproduct_cat&post=1637"},{"taxonomy":"product_tag","embeddable":true,"href":"https:\/\/thamthuanphat.vn\/index.php?rest_route=%2Fwp%2Fv2%2Fproduct_tag&post=1637"}],"curies":[{"name":"wp","href":"https:\/\/api.w.org\/{rel}","templated":true}]}}