{"id":1649,"date":"2025-03-03T10:35:04","date_gmt":"2025-03-03T03:35:04","guid":{"rendered":"https:\/\/thamthuanphat.vn\/?post_type=product&#038;p=1649"},"modified":"2025-03-03T10:36:25","modified_gmt":"2025-03-03T03:36:25","slug":"tham-tam-gia-re-melody","status":"publish","type":"product","link":"https:\/\/thamthuanphat.vn\/?product=tham-tam-gia-re-melody","title":{"rendered":"Th\u1ea3m t\u1ea5m gi\u00e1 r\u1ebb Melody"},"content":{"rendered":"<p><strong>Th\u00f4ng tin K\u1ef9 thu\u1eadt Th\u1ea3m MELODY:<\/strong><\/p>\n<p>&#8211; Ch\u1ea5t li\u1ec7u s\u1ee3i: 100% PP<\/p>\n<p>&#8211; \u0110\u1ebf th\u1ea3m: \u0110\u1ebf gi\u1ea5y d\u1ea7u (Bitumen backing)<\/p>\n<p>&#8211; \u0110\u1ed9 d\u00e0y s\u1ee3i: 5mm<\/p>\n<p>&#8211; K\u00edch th\u01b0\u1edbc: 50cm x 50cm<\/p>\n<p>&#8211; Ki\u1ec3u d\u1ec7t s\u1ee3i: Level Loop pile<\/p>\n<p>&#8211; Tr\u1ecdng l\u01b0\u1ee3ng: 750gsm<\/p>\n<p>&#8211; Xu\u1ea5t x\u1ee9: Th\u00e1i Lan<\/p>\n<p>H\u1ecda ti\u1ebft\u00a0<strong>th\u1ea3m Melody\u00a0<\/strong>l\u00e0 d\u1ea1ng s\u1ecdc d\u1ecdc, ph\u1ed1i h\u1ee3p v\u1edbi t\u00f4ng nh\u1ea1t v\u1ea1t ngang gi\u1eefa t\u1ea1o \u0111i\u1ec3m nh\u1ea5n 3D khi l\u1eafp \u0111\u1eb7t.<\/p>\n<p>Th\u1ea3m t\u1ea5m Melody \u0111\u1ebf gi\u1ea5y d\u1ea7u n\u00ean gi\u00e1 th\u00e0nh r\u1ebb nh\u1ea5t tr\u00ean th\u1ecb tr\u01b0\u1eddng.<\/p>\n<p>S\u1ea3n ph\u1ea9m hi\u1ec7n c\u00f3 3 m\u00e0u:<\/p>\n<ul>\n<li>Melody 5320: xanh d\u01b0\u01a1ng<\/li>\n<li>Melody 5380: x\u00e1m \u0111\u1eadm<\/li>\n<li>Melody 5381: x\u00e1m nh\u1ea1t<\/li>\n<\/ul>\n<p><img decoding=\"async\" src=\"https:\/\/file.hstatic.net\/1000114320\/file\/tham-tam-trai-phong-nhac-melody-5320_f552999578ae4c41a3f0b640969fd116_grande.jpg\" alt=\"tham tam sieu re melody 5320\" \/><\/p>\n<p><em>Th\u1ea3m t\u1ea5m m\u00e3\u00a0Melody 5320<\/em><\/p>\n<p><img decoding=\"async\" src=\"https:\/\/file.hstatic.net\/1000114320\/file\/tham-tam-trai-studio-melody-5380_3bc37b31493d4ca6bcdefefa631e6d5c_grande.jpg\" alt=\"cheap carpet tile melody 5380\" \/><\/p>\n<p>Th\u1ea3m t\u1ea5m m\u00e3\u00a0Melody 5380<\/p>\n<p><img decoding=\"async\" src=\"https:\/\/file.hstatic.net\/1000114320\/file\/tham-tam-trai-studio-melody-5381_0e390ce7dd864660bd3738c822764973_grande.jpg\" alt=\"tham van phong gia re melody 5381\" \/><\/p>\n<p>Th\u1ea3m t\u1ea5m m\u00e3\u00a0Melody 5381<\/p>\n<p>2.Xu\u1ea5t x\u1ee9\u00a0<strong>Th\u1ea3m Melody<\/strong>\u00a0:\u00a0<strong>Th\u00e1i Lan<\/strong><\/p>\n<p>3.Th\u1eddi gian s\u1eed d\u1ee5ng l\u00ean \u0111\u1ebfn 5 n\u0103m<\/p>\n<p>M\u1ecdi chi ti\u1ebft vui l\u00f2ng li\u00ean h\u1ec7: C\u00f4ng ty TNHH TM Th\u1ea3m Thu\u1eadn Ph\u00e1t 0988750375 ho\u1eb7c Zalo: 0977495969 \u0111\u1ec3 \u0111\u01b0\u1ee3c b\u00e1o gi\u00e1 t\u1ed1t nh\u1ea5t.<\/p>\n","protected":false},"excerpt":{"rendered":"<p>Th\u00f4ng tin K\u1ef9 thu\u1eadt Th\u1ea3m MELODY: &#8211; Ch\u1ea5t li\u1ec7u s\u1ee3i: 100% PP &#8211; \u0110\u1ebf th\u1ea3m: \u0110\u1ebf gi\u1ea5y d\u1ea7u (Bitumen backing) &#8211; \u0110\u1ed9 d\u00e0y s\u1ee3i: 5mm &#8211; K\u00edch th\u01b0\u1edbc: 50cm x 50cm &#8211; Ki\u1ec3u d\u1ec7t s\u1ee3i: Level Loop pile &#8211; Tr\u1ecdng l\u01b0\u1ee3ng: 750gsm &#8211; Xu\u1ea5t x\u1ee9: Th\u00e1i Lan H\u1ecda ti\u1ebft\u00a0th\u1ea3m Melody\u00a0l\u00e0 d\u1ea1ng s\u1ecdc d\u1ecdc, ph\u1ed1i h\u1ee3p&#8230;<\/p>\n","protected":false},"featured_media":1652,"comment_status":"open","ping_status":"closed","template":"","meta":{"inline_featured_image":false},"pwb-brand":[],"product_brand":[],"product_cat":[101,87,95],"product_tag":[],"class_list":{"0":"post-1649","1":"product","2":"type-product","3":"status-publish","4":"has-post-thumbnail","6":"product_cat-tham-tam-tham-gach","7":"product_cat-san-pham","8":"product_cat-tham-trai-san","10":"first","11":"instock","12":"shipping-taxable","13":"purchasable","14":"product-type-simple"},"acf":[],"brands":[],"_links":{"self":[{"href":"https:\/\/thamthuanphat.vn\/index.php?rest_route=\/wp\/v2\/product\/1649","targetHints":{"allow":["GET"]}}],"collection":[{"href":"https:\/\/thamthuanphat.vn\/index.php?rest_route=\/wp\/v2\/product"}],"about":[{"href":"https:\/\/thamthuanphat.vn\/index.php?rest_route=\/wp\/v2\/types\/product"}],"replies":[{"embeddable":true,"href":"https:\/\/thamthuanphat.vn\/index.php?rest_route=%2Fwp%2Fv2%2Fcomments&post=1649"}],"wp:featuredmedia":[{"embeddable":true,"href":"https:\/\/thamthuanphat.vn\/index.php?rest_route=\/wp\/v2\/media\/1652"}],"wp:attachment":[{"href":"https:\/\/thamthuanphat.vn\/index.php?rest_route=%2Fwp%2Fv2%2Fmedia&parent=1649"}],"wp:term":[{"taxonomy":"pwb-brand","embeddable":true,"href":"https:\/\/thamthuanphat.vn\/index.php?rest_route=%2Fwp%2Fv2%2Fpwb-brand&post=1649"},{"taxonomy":"product_brand","embeddable":true,"href":"https:\/\/thamthuanphat.vn\/index.php?rest_route=%2Fwp%2Fv2%2Fproduct_brand&post=1649"},{"taxonomy":"product_cat","embeddable":true,"href":"https:\/\/thamthuanphat.vn\/index.php?rest_route=%2Fwp%2Fv2%2Fproduct_cat&post=1649"},{"taxonomy":"product_tag","embeddable":true,"href":"https:\/\/thamthuanphat.vn\/index.php?rest_route=%2Fwp%2Fv2%2Fproduct_tag&post=1649"}],"curies":[{"name":"wp","href":"https:\/\/api.w.org\/{rel}","templated":true}]}}