{"id":1735,"date":"2025-03-27T16:15:48","date_gmt":"2025-03-27T09:15:48","guid":{"rendered":"https:\/\/thamthuanphat.vn\/?post_type=product&#038;p=1735"},"modified":"2025-03-27T20:39:06","modified_gmt":"2025-03-27T13:39:06","slug":"tham-nhua-luoi-to-ong-2","status":"publish","type":"product","link":"https:\/\/thamthuanphat.vn\/?product=tham-nhua-luoi-to-ong-2","title":{"rendered":"Th\u1ea3m Nh\u1ef1a L\u01b0\u1edbi T\u1ed5 Ong"},"content":{"rendered":"<h2>C\u00f4ng d\u1ee5ng c\u1ee7a th\u1ea3m nh\u1ef1a l\u01b0\u1edbi t\u1ed5 ong<\/h2>\n<p><strong>Th\u1ea3m nh\u1ef1a l\u01b0\u1edbi t\u1ed5 ong<\/strong>\u00a0c\u00f3 t\u00e1c d\u1ee5ng\u00a0<strong>ch\u1ed1ng tr\u01a1n tr\u01b0\u1ee3t\u00a0<\/strong>t\u1ed1t, ph\u00f9 h\u1ee3p \u0111\u1ec3 tr\u1ea3i quanh h\u1ed3 b\u01a1i, tr\u1ea3i l\u1ed1i \u0111i, s\u00e0n nh\u00e0 v\u1ec7 sinh, s\u00e0n s\u1ea3n xu\u1ea5t, khu v\u1ef1c l\u1eafp r\u00e1p, khu v\u1ef1c ch\u1ebf bi\u1ebfn t\u1ea1i c\u00e1c nh\u00e0 m\u00e1y, kho x\u01b0\u1edfng, nh\u00e0 h\u00e0ng, kh\u00e1ch s\u1ea1n\u2026 t\u1ea1o \u0111\u1ed9 an to\u00e0n khi b\u01b0\u1edbc ch\u00e2n l\u00ean nh\u1eefng khu v\u1ef1c \u0111\u1ecdng n\u01b0\u1edbc, d\u1ec5 v\u1ea5p ng\u00e3 \u0111\u1ed3ng th\u1eddi gi\u1eef v\u1ec7 sinh cho khu v\u1ef1c \u0111\u01b0\u1ee3c tr\u1ea3i th\u1ea3m.<\/p>\n<p>Ngo\u00e0i ra s\u1ea3n ph\u1ea9m c\u00f2n \u0111\u01b0\u1ee3c s\u1eed d\u1ee5ng\u00a0\u0111\u1ec3 tr\u1ea3i \u1edf khu v\u1ef1c \u0111\u1ec3 xe m\u00e1y, gi\u00fap tr\u00e1nh tr\u1ea7y x\u01b0\u1edbc cho c\u00e1c n\u1ec1n g\u1ea1ch.<\/p>\n<p>&nbsp;<\/p>\n<h2>Th\u00f4ng s\u1ed1 s\u1ea3n ph\u1ea9m<\/h2>\n<table>\n<tbody>\n<tr>\n<th scope=\"row\">D\u1ea1ng th\u1ea3m<\/th>\n<td><strong>Th\u1ea3m nh\u1ef1a ch\u1ed1ng tr\u01a1n<\/strong><\/td>\n<\/tr>\n<tr>\n<th scope=\"row\">Ch\u1ea5t li\u1ec7u<\/th>\n<td>Nh\u1ef1a\u00a0<a title=\"T\u00ecm hi\u1ec3u v\u1ec1 nh\u1ef1a PVC\" href=\"https:\/\/en.wikipedia.org\/wiki\/Polyvinyl_chloride\" target=\"_blank\" rel=\"noopener noreferrer\">PVC<\/a><\/td>\n<\/tr>\n<tr>\n<th scope=\"row\">Chi\u1ec1u r\u1ed9ng cu\u1ed9n<\/th>\n<td>0.9 m | 1.2 m<\/td>\n<\/tr>\n<tr>\n<th scope=\"row\">Chi\u1ec1u d\u00e0i cu\u1ed9n<\/th>\n<td>20 m<\/td>\n<\/tr>\n<tr>\n<th scope=\"row\">\u0110\u1ed9 d\u00e0y<\/th>\n<td>3 mm<\/td>\n<\/tr>\n<tr>\n<th scope=\"row\">M\u00e0u s\u1eafc<\/th>\n<td><strong>\u0110\u1ecf\u00a0|\u00a0x\u00e1m\u00a0|\u00a0xanh l\u00e1\u00a0|\u00a0xanh d\u01b0\u01a1ng<\/strong><\/td>\n<\/tr>\n<tr>\n<th scope=\"row\">Xu\u1ea5t x\u1ee9<\/th>\n<td>Trung Qu\u1ed1c<\/td>\n<\/tr>\n<\/tbody>\n<\/table>\n<h2>Gi\u00e1 b\u00e1n chi ti\u1ebft<\/h2>\n<p><em><strong>L\u01b0u \u00fd: s\u1ea3n ph\u1ea9m n\u00e0y b\u00e1n theo cu\u1ed9n, kh\u00f4ng b\u00e1n l\u1ebb.<\/strong><\/em><\/p>\n<table>\n<thead>\n<tr>\n<th colspan=\"2\">\u00c1p d\u1ee5ng cho t\u1ea5t c\u1ea3 c\u00e1c m\u00e0u th\u1ea3m<\/th>\n<\/tr>\n<\/thead>\n<tbody>\n<tr>\n<th scope=\"row\">Kh\u1ed5 0.9m x 20m<\/th>\n<td>120,000 \u0111\/m (2.400.000\/cu\u1ed9n)<\/td>\n<\/tr>\n<tr>\n<th scope=\"row\">Kh\u1ed5 1.2m x20m<\/th>\n<td>155,000 \u0111\/m (3.100.000\/cu\u1ed9n)<\/td>\n<\/tr>\n<\/tbody>\n<\/table>\n<div class=\"kritzPrice\">\u0110\u1ed1i v\u1edbi \u0111\u01a1n h\u00e0ng c\u00f3 thi c\u00f4ng l\u1eafp \u0111\u1eb7t ho\u1eb7c gia c\u00f4ng, kh\u00e1ch h\u00e0ng \u0111\u1eb7t c\u1ecdc 50% khi \u0111\u1eb7t h\u00e0ng v\u00e0 thanh to\u00e1n ph\u1ea7n c\u00f2n l\u1ea1i khi nh\u1eadn h\u00e0ng\/nghi\u1ec7m thu.<\/div>\n<div>\n<p>L\u01b0u \u00fd:<\/p>\n<ul>\n<li>Gi\u00e1 b\u00e1n Th\u1ea3m Nh\u1ef1a L\u01b0\u1edbi T\u1ed5 Ong \u0111\u01b0\u1ee3c t\u00ednh theo m\u00e9t t\u1edbi c\u1ee7a kh\u1ed5 th\u1ea3m.<\/li>\n<li>Gi\u00e1 tr\u00ean ch\u01b0a bao g\u1ed3m VAT. \u0110\u01a1n v\u1ecb t\u00ednh khi xu\u1ea5t h\u00f3a \u0111\u01a1n VAT l\u00e0 m\u00e9t vu\u00f4ng (m2).<\/li>\n<\/ul>\n<\/div>\n<div>\n<div><strong>M\u1ecdi chi ti\u1ebft vui l\u00f2ng li\u00ean h\u1ec7 Hotline\/Zalo: 0977495969\u00a0<\/strong><\/div>\n<\/div>\n<h2>H\u00ecnh \u1ea3nh s\u1ea3n ph\u1ea9m th\u1ea3m nh\u1ef1a l\u01b0\u1edbi t\u1ed5 ong<\/h2>\n<p><img loading=\"lazy\" decoding=\"async\" class=\"alignnone size-medium wp-image-1840\" src=\"https:\/\/thamthuanphat.vn\/wp-content\/uploads\/2025\/03\/TB21JLHpBjTBKNjSZFuXXb0HFXa_3065165361-1-300x221.png\" alt=\"\" width=\"300\" height=\"221\" srcset=\"https:\/\/thamthuanphat.vn\/wp-content\/uploads\/2025\/03\/TB21JLHpBjTBKNjSZFuXXb0HFXa_3065165361-1-300x221.png 300w, https:\/\/thamthuanphat.vn\/wp-content\/uploads\/2025\/03\/TB21JLHpBjTBKNjSZFuXXb0HFXa_3065165361-1-600x442.png 600w, https:\/\/thamthuanphat.vn\/wp-content\/uploads\/2025\/03\/TB21JLHpBjTBKNjSZFuXXb0HFXa_3065165361-1.png 750w\" sizes=\"auto, (max-width: 300px) 100vw, 300px\" \/> <img loading=\"lazy\" decoding=\"async\" class=\"alignnone size-medium wp-image-1841\" src=\"https:\/\/thamthuanphat.vn\/wp-content\/uploads\/2025\/03\/tham-nhua-luoi-to-ong-1-300x300.jpg\" alt=\"\" width=\"300\" height=\"300\" srcset=\"https:\/\/thamthuanphat.vn\/wp-content\/uploads\/2025\/03\/tham-nhua-luoi-to-ong-1-300x300.jpg 300w, https:\/\/thamthuanphat.vn\/wp-content\/uploads\/2025\/03\/tham-nhua-luoi-to-ong-1-150x150.jpg 150w, https:\/\/thamthuanphat.vn\/wp-content\/uploads\/2025\/03\/tham-nhua-luoi-to-ong-1-768x768.jpg 768w, https:\/\/thamthuanphat.vn\/wp-content\/uploads\/2025\/03\/tham-nhua-luoi-to-ong-1-600x600.jpg 600w, https:\/\/thamthuanphat.vn\/wp-content\/uploads\/2025\/03\/tham-nhua-luoi-to-ong-1-100x100.jpg 100w, https:\/\/thamthuanphat.vn\/wp-content\/uploads\/2025\/03\/tham-nhua-luoi-to-ong-1.jpg 1024w\" sizes=\"auto, (max-width: 300px) 100vw, 300px\" \/> <img loading=\"lazy\" decoding=\"async\" class=\"alignnone size-medium wp-image-1839\" src=\"https:\/\/thamthuanphat.vn\/wp-content\/uploads\/2025\/03\/TB2w6WUamIb61BjSZFDXXa0yVXa_2614179086-1-300x300.jpg\" alt=\"\" width=\"300\" height=\"300\" srcset=\"https:\/\/thamthuanphat.vn\/wp-content\/uploads\/2025\/03\/TB2w6WUamIb61BjSZFDXXa0yVXa_2614179086-1-300x300.jpg 300w, https:\/\/thamthuanphat.vn\/wp-content\/uploads\/2025\/03\/TB2w6WUamIb61BjSZFDXXa0yVXa_2614179086-1-150x150.jpg 150w, https:\/\/thamthuanphat.vn\/wp-content\/uploads\/2025\/03\/TB2w6WUamIb61BjSZFDXXa0yVXa_2614179086-1-768x768.jpg 768w, https:\/\/thamthuanphat.vn\/wp-content\/uploads\/2025\/03\/TB2w6WUamIb61BjSZFDXXa0yVXa_2614179086-1-600x600.jpg 600w, https:\/\/thamthuanphat.vn\/wp-content\/uploads\/2025\/03\/TB2w6WUamIb61BjSZFDXXa0yVXa_2614179086-1-100x100.jpg 100w, https:\/\/thamthuanphat.vn\/wp-content\/uploads\/2025\/03\/TB2w6WUamIb61BjSZFDXXa0yVXa_2614179086-1.jpg 800w\" sizes=\"auto, (max-width: 300px) 100vw, 300px\" \/> <img loading=\"lazy\" decoding=\"async\" class=\"alignnone size-medium wp-image-1838\" src=\"https:\/\/thamthuanphat.vn\/wp-content\/uploads\/2025\/03\/TB2VUf3dRNkpuFjy0FaXXbRCVXa_2614179086-1-261x300.jpg\" alt=\"\" width=\"261\" height=\"300\" srcset=\"https:\/\/thamthuanphat.vn\/wp-content\/uploads\/2025\/03\/TB2VUf3dRNkpuFjy0FaXXbRCVXa_2614179086-1-261x300.jpg 261w, https:\/\/thamthuanphat.vn\/wp-content\/uploads\/2025\/03\/TB2VUf3dRNkpuFjy0FaXXbRCVXa_2614179086-1.jpg 600w\" sizes=\"auto, (max-width: 261px) 100vw, 261px\" \/> <img loading=\"lazy\" decoding=\"async\" class=\"alignnone size-medium wp-image-1837\" src=\"https:\/\/thamthuanphat.vn\/wp-content\/uploads\/2025\/03\/TB2leDopvImBKNjSZFlXXc43FXa_3065165361-1-300x179.jpg\" alt=\"\" width=\"300\" height=\"179\" srcset=\"https:\/\/thamthuanphat.vn\/wp-content\/uploads\/2025\/03\/TB2leDopvImBKNjSZFlXXc43FXa_3065165361-1-300x179.jpg 300w, https:\/\/thamthuanphat.vn\/wp-content\/uploads\/2025\/03\/TB2leDopvImBKNjSZFlXXc43FXa_3065165361-1-600x358.jpg 600w, https:\/\/thamthuanphat.vn\/wp-content\/uploads\/2025\/03\/TB2leDopvImBKNjSZFlXXc43FXa_3065165361-1.jpg 750w\" sizes=\"auto, (max-width: 300px) 100vw, 300px\" \/> <img loading=\"lazy\" decoding=\"async\" class=\"alignnone size-medium wp-image-1836\" src=\"https:\/\/thamthuanphat.vn\/wp-content\/uploads\/2025\/03\/png-1-300x300.png\" alt=\"\" width=\"300\" height=\"300\" srcset=\"https:\/\/thamthuanphat.vn\/wp-content\/uploads\/2025\/03\/png-1-300x300.png 300w, https:\/\/thamthuanphat.vn\/wp-content\/uploads\/2025\/03\/png-1-150x150.png 150w, https:\/\/thamthuanphat.vn\/wp-content\/uploads\/2025\/03\/png-1-768x768.png 768w, https:\/\/thamthuanphat.vn\/wp-content\/uploads\/2025\/03\/png-1-600x600.png 600w, https:\/\/thamthuanphat.vn\/wp-content\/uploads\/2025\/03\/png-1-100x100.png 100w, https:\/\/thamthuanphat.vn\/wp-content\/uploads\/2025\/03\/png-1.png 800w\" sizes=\"auto, (max-width: 300px) 100vw, 300px\" \/> <img loading=\"lazy\" decoding=\"async\" class=\"alignnone size-medium wp-image-1835\" src=\"https:\/\/thamthuanphat.vn\/wp-content\/uploads\/2025\/03\/O1CN01pSeaqZ2EIGcJmLE0L_3907508721-1-199x300.jpg\" alt=\"\" width=\"199\" height=\"300\" srcset=\"https:\/\/thamthuanphat.vn\/wp-content\/uploads\/2025\/03\/O1CN01pSeaqZ2EIGcJmLE0L_3907508721-1-199x300.jpg 199w, https:\/\/thamthuanphat.vn\/wp-content\/uploads\/2025\/03\/O1CN01pSeaqZ2EIGcJmLE0L_3907508721-1-681x1024.jpg 681w, https:\/\/thamthuanphat.vn\/wp-content\/uploads\/2025\/03\/O1CN01pSeaqZ2EIGcJmLE0L_3907508721-1-600x902.jpg 600w, https:\/\/thamthuanphat.vn\/wp-content\/uploads\/2025\/03\/O1CN01pSeaqZ2EIGcJmLE0L_3907508721-1.jpg 750w\" sizes=\"auto, (max-width: 199px) 100vw, 199px\" \/> <img loading=\"lazy\" decoding=\"async\" class=\"alignnone size-medium wp-image-1833\" src=\"https:\/\/thamthuanphat.vn\/wp-content\/uploads\/2025\/03\/O1CN01k7mfOd1wHeywCk4OZ_4012896283-1-300x300.jpg\" alt=\"\" width=\"300\" height=\"300\" srcset=\"https:\/\/thamthuanphat.vn\/wp-content\/uploads\/2025\/03\/O1CN01k7mfOd1wHeywCk4OZ_4012896283-1-300x300.jpg 300w, https:\/\/thamthuanphat.vn\/wp-content\/uploads\/2025\/03\/O1CN01k7mfOd1wHeywCk4OZ_4012896283-1-150x150.jpg 150w, https:\/\/thamthuanphat.vn\/wp-content\/uploads\/2025\/03\/O1CN01k7mfOd1wHeywCk4OZ_4012896283-1-768x768.jpg 768w, https:\/\/thamthuanphat.vn\/wp-content\/uploads\/2025\/03\/O1CN01k7mfOd1wHeywCk4OZ_4012896283-1-600x600.jpg 600w, https:\/\/thamthuanphat.vn\/wp-content\/uploads\/2025\/03\/O1CN01k7mfOd1wHeywCk4OZ_4012896283-1-100x100.jpg 100w, https:\/\/thamthuanphat.vn\/wp-content\/uploads\/2025\/03\/O1CN01k7mfOd1wHeywCk4OZ_4012896283-1.jpg 800w\" sizes=\"auto, (max-width: 300px) 100vw, 300px\" \/> <img loading=\"lazy\" decoding=\"async\" class=\"alignnone size-medium wp-image-1832\" src=\"https:\/\/thamthuanphat.vn\/wp-content\/uploads\/2025\/03\/MAU-300x300.jpg\" alt=\"\" width=\"300\" height=\"300\" srcset=\"https:\/\/thamthuanphat.vn\/wp-content\/uploads\/2025\/03\/MAU-300x300.jpg 300w, https:\/\/thamthuanphat.vn\/wp-content\/uploads\/2025\/03\/MAU-150x150.jpg 150w, https:\/\/thamthuanphat.vn\/wp-content\/uploads\/2025\/03\/MAU-768x767.jpg 768w, https:\/\/thamthuanphat.vn\/wp-content\/uploads\/2025\/03\/MAU-600x599.jpg 600w, https:\/\/thamthuanphat.vn\/wp-content\/uploads\/2025\/03\/MAU-100x100.jpg 100w, https:\/\/thamthuanphat.vn\/wp-content\/uploads\/2025\/03\/MAU.jpg 794w\" sizes=\"auto, (max-width: 300px) 100vw, 300px\" \/> <img loading=\"lazy\" decoding=\"async\" class=\"alignnone size-medium wp-image-1831\" src=\"https:\/\/thamthuanphat.vn\/wp-content\/uploads\/2025\/03\/HTB1jC7Yw7OWBuNjSsppq6xPgpXaP-300x200.jpg\" alt=\"\" width=\"300\" height=\"200\" srcset=\"https:\/\/thamthuanphat.vn\/wp-content\/uploads\/2025\/03\/HTB1jC7Yw7OWBuNjSsppq6xPgpXaP-300x200.jpg 300w, https:\/\/thamthuanphat.vn\/wp-content\/uploads\/2025\/03\/HTB1jC7Yw7OWBuNjSsppq6xPgpXaP-600x400.jpg 600w, https:\/\/thamthuanphat.vn\/wp-content\/uploads\/2025\/03\/HTB1jC7Yw7OWBuNjSsppq6xPgpXaP.jpg 750w\" sizes=\"auto, (max-width: 300px) 100vw, 300px\" \/> <img loading=\"lazy\" decoding=\"async\" class=\"alignnone size-medium wp-image-1830\" src=\"https:\/\/thamthuanphat.vn\/wp-content\/uploads\/2025\/03\/DSC04141-300x200.jpg\" alt=\"\" width=\"300\" height=\"200\" srcset=\"https:\/\/thamthuanphat.vn\/wp-content\/uploads\/2025\/03\/DSC04141-300x200.jpg 300w, https:\/\/thamthuanphat.vn\/wp-content\/uploads\/2025\/03\/DSC04141-1024x684.jpg 1024w, https:\/\/thamthuanphat.vn\/wp-content\/uploads\/2025\/03\/DSC04141-768x513.jpg 768w, https:\/\/thamthuanphat.vn\/wp-content\/uploads\/2025\/03\/DSC04141-1536x1026.jpg 1536w, https:\/\/thamthuanphat.vn\/wp-content\/uploads\/2025\/03\/DSC04141-2048x1368.jpg 2048w, https:\/\/thamthuanphat.vn\/wp-content\/uploads\/2025\/03\/DSC04141-600x401.jpg 600w\" sizes=\"auto, (max-width: 300px) 100vw, 300px\" \/> <img loading=\"lazy\" decoding=\"async\" class=\"alignnone size-medium wp-image-1829\" src=\"https:\/\/thamthuanphat.vn\/wp-content\/uploads\/2025\/03\/a-1-300x211.jpg\" alt=\"\" width=\"300\" height=\"211\" srcset=\"https:\/\/thamthuanphat.vn\/wp-content\/uploads\/2025\/03\/a-1-300x211.jpg 300w, https:\/\/thamthuanphat.vn\/wp-content\/uploads\/2025\/03\/a-1.jpg 463w\" sizes=\"auto, (max-width: 300px) 100vw, 300px\" \/> <img loading=\"lazy\" decoding=\"async\" class=\"alignnone size-medium wp-image-1828\" src=\"https:\/\/thamthuanphat.vn\/wp-content\/uploads\/2025\/03\/70e0fd4444a21dcc50e982b06745ad39-300x234.jpg\" alt=\"\" width=\"300\" height=\"234\" srcset=\"https:\/\/thamthuanphat.vn\/wp-content\/uploads\/2025\/03\/70e0fd4444a21dcc50e982b06745ad39-300x234.jpg 300w, https:\/\/thamthuanphat.vn\/wp-content\/uploads\/2025\/03\/70e0fd4444a21dcc50e982b06745ad39-768x600.jpg 768w, https:\/\/thamthuanphat.vn\/wp-content\/uploads\/2025\/03\/70e0fd4444a21dcc50e982b06745ad39-600x469.jpg 600w, https:\/\/thamthuanphat.vn\/wp-content\/uploads\/2025\/03\/70e0fd4444a21dcc50e982b06745ad39.jpg 1000w\" sizes=\"auto, (max-width: 300px) 100vw, 300px\" \/><\/p>\n","protected":false},"excerpt":{"rendered":"<p>C\u00f4ng d\u1ee5ng c\u1ee7a th\u1ea3m nh\u1ef1a l\u01b0\u1edbi t\u1ed5 ong Th\u1ea3m nh\u1ef1a l\u01b0\u1edbi t\u1ed5 ong\u00a0c\u00f3 t\u00e1c d\u1ee5ng\u00a0ch\u1ed1ng tr\u01a1n tr\u01b0\u1ee3t\u00a0t\u1ed1t, ph\u00f9 h\u1ee3p \u0111\u1ec3 tr\u1ea3i quanh h\u1ed3 b\u01a1i, tr\u1ea3i l\u1ed1i \u0111i, s\u00e0n nh\u00e0 v\u1ec7 sinh, s\u00e0n s\u1ea3n xu\u1ea5t, khu v\u1ef1c l\u1eafp r\u00e1p, khu v\u1ef1c ch\u1ebf bi\u1ebfn t\u1ea1i c\u00e1c nh\u00e0 m\u00e1y, kho x\u01b0\u1edfng, nh\u00e0 h\u00e0ng, kh\u00e1ch s\u1ea1n\u2026 t\u1ea1o \u0111\u1ed9 an&#8230;<\/p>\n","protected":false},"featured_media":1834,"comment_status":"open","ping_status":"closed","template":"","meta":{"inline_featured_image":false},"pwb-brand":[],"product_brand":[],"product_cat":[97,87],"product_tag":[],"class_list":{"0":"post-1735","1":"product","2":"type-product","3":"status-publish","4":"has-post-thumbnail","6":"product_cat-tham-nhua","7":"product_cat-san-pham","9":"first","10":"instock","11":"shipping-taxable","12":"purchasable","13":"product-type-simple"},"acf":[],"brands":[],"_links":{"self":[{"href":"https:\/\/thamthuanphat.vn\/index.php?rest_route=\/wp\/v2\/product\/1735","targetHints":{"allow":["GET"]}}],"collection":[{"href":"https:\/\/thamthuanphat.vn\/index.php?rest_route=\/wp\/v2\/product"}],"about":[{"href":"https:\/\/thamthuanphat.vn\/index.php?rest_route=\/wp\/v2\/types\/product"}],"replies":[{"embeddable":true,"href":"https:\/\/thamthuanphat.vn\/index.php?rest_route=%2Fwp%2Fv2%2Fcomments&post=1735"}],"wp:featuredmedia":[{"embeddable":true,"href":"https:\/\/thamthuanphat.vn\/index.php?rest_route=\/wp\/v2\/media\/1834"}],"wp:attachment":[{"href":"https:\/\/thamthuanphat.vn\/index.php?rest_route=%2Fwp%2Fv2%2Fmedia&parent=1735"}],"wp:term":[{"taxonomy":"pwb-brand","embeddable":true,"href":"https:\/\/thamthuanphat.vn\/index.php?rest_route=%2Fwp%2Fv2%2Fpwb-brand&post=1735"},{"taxonomy":"product_brand","embeddable":true,"href":"https:\/\/thamthuanphat.vn\/index.php?rest_route=%2Fwp%2Fv2%2Fproduct_brand&post=1735"},{"taxonomy":"product_cat","embeddable":true,"href":"https:\/\/thamthuanphat.vn\/index.php?rest_route=%2Fwp%2Fv2%2Fproduct_cat&post=1735"},{"taxonomy":"product_tag","embeddable":true,"href":"https:\/\/thamthuanphat.vn\/index.php?rest_route=%2Fwp%2Fv2%2Fproduct_tag&post=1735"}],"curies":[{"name":"wp","href":"https:\/\/api.w.org\/{rel}","templated":true}]}}