{"id":1779,"date":"2025-03-14T15:28:04","date_gmt":"2025-03-14T08:28:04","guid":{"rendered":"https:\/\/thamthuanphat.vn\/?post_type=product&#038;p=1779"},"modified":"2025-03-14T15:28:05","modified_gmt":"2025-03-14T08:28:05","slug":"tham-nhua-3d","status":"publish","type":"product","link":"https:\/\/thamthuanphat.vn\/?product=tham-nhua-3d","title":{"rendered":"Th\u1ea3m Nh\u1ef1a 3D"},"content":{"rendered":"<h2><span style=\"color: #0000ff;\">C\u00f4ng d\u1ee5ng c\u1ee7a th\u1ea3m nh\u1ef1a th\u1ea3m nh\u1ef1a 3D<\/span><\/h2>\n<p><strong>Th\u1ea3m nh\u1ef1a 3D<\/strong>\u00a0c\u00f3 \u0111\u1ed9 \u0111\u00e0n h\u1ed3i v\u00e0 \u0111\u1ed9 b\u1ec1n cao, thi\u1ebft k\u1ebf 3D \u0111\u1eb9p m\u1eaft, th\u01b0\u1eddng \u0111\u01b0\u1ee3c d\u00f9ng \u0111\u1ec3 tr\u1ea3i s\u00e0n xe \u00f4 t\u00f4 4 ch\u1ed7, 7 ch\u1ed7, xe du l\u1ecbch l\u00e0m t\u0103ng v\u1ebb sang tr\u1ecdng cho m\u1eb7t s\u00e0n.<\/p>\n<p>Ngo\u00e0i ra s\u1ea3n ph\u1ea9m c\u00f2n gi\u00fap b\u1ea3o v\u1ec7 s\u00e0n xe, gi\u00fap ch\u1ed1ng tr\u01a1n tr\u01b0\u1ee3t, t\u1ea1o c\u1ea3m gi\u00e1c \u00eam ch\u00e2n v\u00e0 gi\u00fap vi\u1ec7c v\u1ec7 sinh s\u00e0n \u00f4 t\u00f4 tr\u1edf n\u00ean thu\u1eadn ti\u1ec7n h\u01a1n.<\/p>\n<h2><span style=\"color: #0000ff;\">Th\u00f4ng s\u1ed1 s\u1ea3n ph\u1ea9m<\/span><\/h2>\n<ul>\n<li>D\u1ea1ng th\u1ea3m: Th\u1ea3m cu\u1ed9n<\/li>\n<li>M\u00e0u s\u1eafc: M\u00e0u x\u00e1m\u00a0\u25a0, m\u00e0u kem\u00a0\u25a0,\u00a0m\u00e0u xanh\u00a0\u25a0, m\u00e0u \u0111\u1ecf\u00a0\u25a0<\/li>\n<li>Chi\u1ec1u r\u1ed9ng kh\u1ed5 th\u1ea3m: 1.2 m<\/li>\n<li>Chi\u1ec1u d\u00e0i cu\u1ed9n th\u1ea3m: 9 m<\/li>\n<li>Xu\u1ea5t x\u1ee9: Trung Qu\u1ed1c, Vi\u1ec7t Nam<\/li>\n<\/ul>\n<p><span style=\"color: #e14d43;\"><strong>Gi\u00e1 b\u00e1n l\u1ebb: 240,000 \u0111\/m<\/strong><\/span><br \/>\n<span style=\"color: #e14d43;\"><strong>Gi\u00e1 b\u00e1n nguy\u00ean cu\u1ed9n: 220,000 \u0111\/m. 1.980.000\/cu\u1ed9n<\/strong><\/span><\/p>\n<div>\n<p>L\u01b0u \u00fd:<\/p>\n<ul>\n<li>Gi\u00e1 b\u00e1n Th\u1ea3m nh\u1ef1a 3D \u0111\u01b0\u1ee3c t\u00ednh theo m\u00e9t t\u1edbi c\u1ee7a kh\u1ed5 th\u1ea3m.<\/li>\n<li>Gi\u00e1 tr\u00ean ch\u01b0a bao g\u1ed3m VAT. \u0110\u01a1n v\u1ecb t\u00ednh khi xu\u1ea5t h\u00f3a \u0111\u01a1n VAT l\u00e0 m\u00e9t vu\u00f4ng (m2).<\/li>\n<\/ul>\n<\/div>\n<div><\/div>\n<h2><span style=\"color: #0000ff;\">H\u00ecnh \u1ea3nh s\u1ea3n ph\u1ea9m th\u1ea3m nh\u1ef1a 3D<\/span><\/h2>\n<p><img loading=\"lazy\" decoding=\"async\" class=\"alignnone size-medium wp-image-1780\" src=\"https:\/\/thamthuanphat.vn\/wp-content\/uploads\/2025\/03\/28b448541092d3cc8a83-300x169.jpg\" alt=\"\" width=\"300\" height=\"169\" srcset=\"https:\/\/thamthuanphat.vn\/wp-content\/uploads\/2025\/03\/28b448541092d3cc8a83-300x169.jpg 300w, https:\/\/thamthuanphat.vn\/wp-content\/uploads\/2025\/03\/28b448541092d3cc8a83-1024x576.jpg 1024w, https:\/\/thamthuanphat.vn\/wp-content\/uploads\/2025\/03\/28b448541092d3cc8a83-768x432.jpg 768w, https:\/\/thamthuanphat.vn\/wp-content\/uploads\/2025\/03\/28b448541092d3cc8a83-600x338.jpg 600w, https:\/\/thamthuanphat.vn\/wp-content\/uploads\/2025\/03\/28b448541092d3cc8a83.jpg 1280w\" sizes=\"auto, (max-width: 300px) 100vw, 300px\" \/> <img loading=\"lazy\" decoding=\"async\" class=\"alignnone size-medium wp-image-1781\" src=\"https:\/\/thamthuanphat.vn\/wp-content\/uploads\/2025\/03\/c-300x239.jpg\" alt=\"\" width=\"300\" height=\"239\" srcset=\"https:\/\/thamthuanphat.vn\/wp-content\/uploads\/2025\/03\/c-300x239.jpg 300w, https:\/\/thamthuanphat.vn\/wp-content\/uploads\/2025\/03\/c-600x478.jpg 600w, https:\/\/thamthuanphat.vn\/wp-content\/uploads\/2025\/03\/c.jpg 680w\" sizes=\"auto, (max-width: 300px) 100vw, 300px\" \/> <img loading=\"lazy\" decoding=\"async\" class=\"alignnone size-medium wp-image-1782\" src=\"https:\/\/thamthuanphat.vn\/wp-content\/uploads\/2025\/03\/den-300x225.jpg\" alt=\"\" width=\"300\" height=\"225\" srcset=\"https:\/\/thamthuanphat.vn\/wp-content\/uploads\/2025\/03\/den-300x225.jpg 300w, https:\/\/thamthuanphat.vn\/wp-content\/uploads\/2025\/03\/den-1024x768.jpg 1024w, https:\/\/thamthuanphat.vn\/wp-content\/uploads\/2025\/03\/den-768x576.jpg 768w, https:\/\/thamthuanphat.vn\/wp-content\/uploads\/2025\/03\/den-1536x1152.jpg 1536w, https:\/\/thamthuanphat.vn\/wp-content\/uploads\/2025\/03\/den-2048x1536.jpg 2048w, https:\/\/thamthuanphat.vn\/wp-content\/uploads\/2025\/03\/den-600x450.jpg 600w\" sizes=\"auto, (max-width: 300px) 100vw, 300px\" \/> <img loading=\"lazy\" decoding=\"async\" class=\"alignnone size-medium wp-image-1783\" src=\"https:\/\/thamthuanphat.vn\/wp-content\/uploads\/2025\/03\/nen-xe-hoi-300x237.jpg\" alt=\"\" width=\"300\" height=\"237\" srcset=\"https:\/\/thamthuanphat.vn\/wp-content\/uploads\/2025\/03\/nen-xe-hoi-300x237.jpg 300w, https:\/\/thamthuanphat.vn\/wp-content\/uploads\/2025\/03\/nen-xe-hoi-768x607.jpg 768w, https:\/\/thamthuanphat.vn\/wp-content\/uploads\/2025\/03\/nen-xe-hoi-600x475.jpg 600w, https:\/\/thamthuanphat.vn\/wp-content\/uploads\/2025\/03\/nen-xe-hoi.jpg 976w\" sizes=\"auto, (max-width: 300px) 100vw, 300px\" \/> <img loading=\"lazy\" decoding=\"async\" class=\"alignnone size-medium wp-image-1784\" src=\"https:\/\/thamthuanphat.vn\/wp-content\/uploads\/2025\/03\/tham-nhua-dap-noi-3D--300x300.jpg\" alt=\"\" width=\"300\" height=\"300\" srcset=\"https:\/\/thamthuanphat.vn\/wp-content\/uploads\/2025\/03\/tham-nhua-dap-noi-3D--300x300.jpg 300w, https:\/\/thamthuanphat.vn\/wp-content\/uploads\/2025\/03\/tham-nhua-dap-noi-3D--150x150.jpg 150w, https:\/\/thamthuanphat.vn\/wp-content\/uploads\/2025\/03\/tham-nhua-dap-noi-3D--768x768.jpg 768w, https:\/\/thamthuanphat.vn\/wp-content\/uploads\/2025\/03\/tham-nhua-dap-noi-3D--600x600.jpg 600w, https:\/\/thamthuanphat.vn\/wp-content\/uploads\/2025\/03\/tham-nhua-dap-noi-3D--100x100.jpg 100w, https:\/\/thamthuanphat.vn\/wp-content\/uploads\/2025\/03\/tham-nhua-dap-noi-3D-.jpg 1000w\" sizes=\"auto, (max-width: 300px) 100vw, 300px\" \/> <img loading=\"lazy\" decoding=\"async\" class=\"alignnone size-medium wp-image-1785\" src=\"https:\/\/thamthuanphat.vn\/wp-content\/uploads\/2025\/03\/tham-nhua-dap-noi-3d-mau-vang-300x300.jpg\" alt=\"\" width=\"300\" height=\"300\" srcset=\"https:\/\/thamthuanphat.vn\/wp-content\/uploads\/2025\/03\/tham-nhua-dap-noi-3d-mau-vang-300x300.jpg 300w, https:\/\/thamthuanphat.vn\/wp-content\/uploads\/2025\/03\/tham-nhua-dap-noi-3d-mau-vang-150x150.jpg 150w, https:\/\/thamthuanphat.vn\/wp-content\/uploads\/2025\/03\/tham-nhua-dap-noi-3d-mau-vang-768x768.jpg 768w, https:\/\/thamthuanphat.vn\/wp-content\/uploads\/2025\/03\/tham-nhua-dap-noi-3d-mau-vang-600x600.jpg 600w, https:\/\/thamthuanphat.vn\/wp-content\/uploads\/2025\/03\/tham-nhua-dap-noi-3d-mau-vang-100x100.jpg 100w, https:\/\/thamthuanphat.vn\/wp-content\/uploads\/2025\/03\/tham-nhua-dap-noi-3d-mau-vang.jpg 1000w\" sizes=\"auto, (max-width: 300px) 100vw, 300px\" \/> <img loading=\"lazy\" decoding=\"async\" class=\"alignnone size-medium wp-image-1786\" src=\"https:\/\/thamthuanphat.vn\/wp-content\/uploads\/2025\/03\/xduong-300x225.jpg\" alt=\"\" width=\"300\" height=\"225\" srcset=\"https:\/\/thamthuanphat.vn\/wp-content\/uploads\/2025\/03\/xduong-300x225.jpg 300w, https:\/\/thamthuanphat.vn\/wp-content\/uploads\/2025\/03\/xduong-1024x768.jpg 1024w, https:\/\/thamthuanphat.vn\/wp-content\/uploads\/2025\/03\/xduong-768x576.jpg 768w, https:\/\/thamthuanphat.vn\/wp-content\/uploads\/2025\/03\/xduong-1536x1152.jpg 1536w, https:\/\/thamthuanphat.vn\/wp-content\/uploads\/2025\/03\/xduong-2048x1536.jpg 2048w, https:\/\/thamthuanphat.vn\/wp-content\/uploads\/2025\/03\/xduong-600x450.jpg 600w\" sizes=\"auto, (max-width: 300px) 100vw, 300px\" \/> <img loading=\"lazy\" decoding=\"async\" class=\"alignnone size-medium wp-image-1787\" src=\"https:\/\/thamthuanphat.vn\/wp-content\/uploads\/2025\/03\/xdo-300x225.jpg\" alt=\"\" width=\"300\" height=\"225\" srcset=\"https:\/\/thamthuanphat.vn\/wp-content\/uploads\/2025\/03\/xdo-300x225.jpg 300w, https:\/\/thamthuanphat.vn\/wp-content\/uploads\/2025\/03\/xdo-1024x768.jpg 1024w, https:\/\/thamthuanphat.vn\/wp-content\/uploads\/2025\/03\/xdo-768x576.jpg 768w, https:\/\/thamthuanphat.vn\/wp-content\/uploads\/2025\/03\/xdo-1536x1152.jpg 1536w, https:\/\/thamthuanphat.vn\/wp-content\/uploads\/2025\/03\/xdo-2048x1536.jpg 2048w, https:\/\/thamthuanphat.vn\/wp-content\/uploads\/2025\/03\/xdo-600x450.jpg 600w\" sizes=\"auto, (max-width: 300px) 100vw, 300px\" \/> <img loading=\"lazy\" decoding=\"async\" class=\"alignnone size-medium wp-image-1788\" src=\"https:\/\/thamthuanphat.vn\/wp-content\/uploads\/2025\/03\/xnau-300x225.jpg\" alt=\"\" width=\"300\" height=\"225\" srcset=\"https:\/\/thamthuanphat.vn\/wp-content\/uploads\/2025\/03\/xnau-300x225.jpg 300w, https:\/\/thamthuanphat.vn\/wp-content\/uploads\/2025\/03\/xnau-1024x768.jpg 1024w, https:\/\/thamthuanphat.vn\/wp-content\/uploads\/2025\/03\/xnau-768x576.jpg 768w, https:\/\/thamthuanphat.vn\/wp-content\/uploads\/2025\/03\/xnau-1536x1152.jpg 1536w, https:\/\/thamthuanphat.vn\/wp-content\/uploads\/2025\/03\/xnau-2048x1536.jpg 2048w, https:\/\/thamthuanphat.vn\/wp-content\/uploads\/2025\/03\/xnau-600x450.jpg 600w\" sizes=\"auto, (max-width: 300px) 100vw, 300px\" \/> <img loading=\"lazy\" decoding=\"async\" class=\"alignnone size-medium wp-image-1789\" src=\"https:\/\/thamthuanphat.vn\/wp-content\/uploads\/2025\/03\/xxam-300x225.jpg\" alt=\"\" width=\"300\" height=\"225\" srcset=\"https:\/\/thamthuanphat.vn\/wp-content\/uploads\/2025\/03\/xxam-300x225.jpg 300w, https:\/\/thamthuanphat.vn\/wp-content\/uploads\/2025\/03\/xxam-1024x768.jpg 1024w, https:\/\/thamthuanphat.vn\/wp-content\/uploads\/2025\/03\/xxam-768x576.jpg 768w, https:\/\/thamthuanphat.vn\/wp-content\/uploads\/2025\/03\/xxam-1536x1152.jpg 1536w, https:\/\/thamthuanphat.vn\/wp-content\/uploads\/2025\/03\/xxam-2048x1536.jpg 2048w, https:\/\/thamthuanphat.vn\/wp-content\/uploads\/2025\/03\/xxam-600x450.jpg 600w\" sizes=\"auto, (max-width: 300px) 100vw, 300px\" \/> <img loading=\"lazy\" decoding=\"async\" class=\"alignnone size-medium wp-image-1790\" src=\"https:\/\/thamthuanphat.vn\/wp-content\/uploads\/2025\/03\/z1877860806756_a809f92cfff61b29bf8c79f43dd1d39d-300x225.jpg\" alt=\"\" width=\"300\" height=\"225\" srcset=\"https:\/\/thamthuanphat.vn\/wp-content\/uploads\/2025\/03\/z1877860806756_a809f92cfff61b29bf8c79f43dd1d39d-300x225.jpg 300w, https:\/\/thamthuanphat.vn\/wp-content\/uploads\/2025\/03\/z1877860806756_a809f92cfff61b29bf8c79f43dd1d39d-1024x768.jpg 1024w, https:\/\/thamthuanphat.vn\/wp-content\/uploads\/2025\/03\/z1877860806756_a809f92cfff61b29bf8c79f43dd1d39d-768x576.jpg 768w, https:\/\/thamthuanphat.vn\/wp-content\/uploads\/2025\/03\/z1877860806756_a809f92cfff61b29bf8c79f43dd1d39d-1536x1152.jpg 1536w, https:\/\/thamthuanphat.vn\/wp-content\/uploads\/2025\/03\/z1877860806756_a809f92cfff61b29bf8c79f43dd1d39d-2048x1536.jpg 2048w, https:\/\/thamthuanphat.vn\/wp-content\/uploads\/2025\/03\/z1877860806756_a809f92cfff61b29bf8c79f43dd1d39d-600x450.jpg 600w\" sizes=\"auto, (max-width: 300px) 100vw, 300px\" \/> <img loading=\"lazy\" decoding=\"async\" class=\"alignnone size-medium wp-image-1791\" src=\"https:\/\/thamthuanphat.vn\/wp-content\/uploads\/2025\/03\/z1877860806757_ce4a9af69d75e75130e6115944cfce5e-300x225.jpg\" alt=\"\" width=\"300\" height=\"225\" srcset=\"https:\/\/thamthuanphat.vn\/wp-content\/uploads\/2025\/03\/z1877860806757_ce4a9af69d75e75130e6115944cfce5e-300x225.jpg 300w, https:\/\/thamthuanphat.vn\/wp-content\/uploads\/2025\/03\/z1877860806757_ce4a9af69d75e75130e6115944cfce5e-1024x768.jpg 1024w, https:\/\/thamthuanphat.vn\/wp-content\/uploads\/2025\/03\/z1877860806757_ce4a9af69d75e75130e6115944cfce5e-768x576.jpg 768w, https:\/\/thamthuanphat.vn\/wp-content\/uploads\/2025\/03\/z1877860806757_ce4a9af69d75e75130e6115944cfce5e-1536x1152.jpg 1536w, https:\/\/thamthuanphat.vn\/wp-content\/uploads\/2025\/03\/z1877860806757_ce4a9af69d75e75130e6115944cfce5e-2048x1536.jpg 2048w, https:\/\/thamthuanphat.vn\/wp-content\/uploads\/2025\/03\/z1877860806757_ce4a9af69d75e75130e6115944cfce5e-600x450.jpg 600w\" sizes=\"auto, (max-width: 300px) 100vw, 300px\" \/><\/p>\n","protected":false},"excerpt":{"rendered":"<p>C\u00f4ng d\u1ee5ng c\u1ee7a th\u1ea3m nh\u1ef1a th\u1ea3m nh\u1ef1a 3D Th\u1ea3m nh\u1ef1a 3D\u00a0c\u00f3 \u0111\u1ed9 \u0111\u00e0n h\u1ed3i v\u00e0 \u0111\u1ed9 b\u1ec1n cao, thi\u1ebft k\u1ebf 3D \u0111\u1eb9p m\u1eaft, th\u01b0\u1eddng \u0111\u01b0\u1ee3c d\u00f9ng \u0111\u1ec3 tr\u1ea3i s\u00e0n xe \u00f4 t\u00f4 4 ch\u1ed7, 7 ch\u1ed7, xe du l\u1ecbch l\u00e0m t\u0103ng v\u1ebb sang tr\u1ecdng cho m\u1eb7t s\u00e0n. Ngo\u00e0i ra s\u1ea3n ph\u1ea9m c\u00f2n gi\u00fap b\u1ea3o v\u1ec7&#8230;<\/p>\n","protected":false},"featured_media":1789,"comment_status":"open","ping_status":"closed","template":"","meta":{"inline_featured_image":false},"pwb-brand":[],"product_brand":[],"product_cat":[97,87],"product_tag":[],"class_list":{"0":"post-1779","1":"product","2":"type-product","3":"status-publish","4":"has-post-thumbnail","6":"product_cat-tham-nhua","7":"product_cat-san-pham","9":"first","10":"instock","11":"shipping-taxable","12":"purchasable","13":"product-type-simple"},"acf":[],"brands":[],"_links":{"self":[{"href":"https:\/\/thamthuanphat.vn\/index.php?rest_route=\/wp\/v2\/product\/1779","targetHints":{"allow":["GET"]}}],"collection":[{"href":"https:\/\/thamthuanphat.vn\/index.php?rest_route=\/wp\/v2\/product"}],"about":[{"href":"https:\/\/thamthuanphat.vn\/index.php?rest_route=\/wp\/v2\/types\/product"}],"replies":[{"embeddable":true,"href":"https:\/\/thamthuanphat.vn\/index.php?rest_route=%2Fwp%2Fv2%2Fcomments&post=1779"}],"wp:featuredmedia":[{"embeddable":true,"href":"https:\/\/thamthuanphat.vn\/index.php?rest_route=\/wp\/v2\/media\/1789"}],"wp:attachment":[{"href":"https:\/\/thamthuanphat.vn\/index.php?rest_route=%2Fwp%2Fv2%2Fmedia&parent=1779"}],"wp:term":[{"taxonomy":"pwb-brand","embeddable":true,"href":"https:\/\/thamthuanphat.vn\/index.php?rest_route=%2Fwp%2Fv2%2Fpwb-brand&post=1779"},{"taxonomy":"product_brand","embeddable":true,"href":"https:\/\/thamthuanphat.vn\/index.php?rest_route=%2Fwp%2Fv2%2Fproduct_brand&post=1779"},{"taxonomy":"product_cat","embeddable":true,"href":"https:\/\/thamthuanphat.vn\/index.php?rest_route=%2Fwp%2Fv2%2Fproduct_cat&post=1779"},{"taxonomy":"product_tag","embeddable":true,"href":"https:\/\/thamthuanphat.vn\/index.php?rest_route=%2Fwp%2Fv2%2Fproduct_tag&post=1779"}],"curies":[{"name":"wp","href":"https:\/\/api.w.org\/{rel}","templated":true}]}}