{"id":1866,"date":"2025-03-21T15:49:00","date_gmt":"2025-03-21T08:49:00","guid":{"rendered":"https:\/\/thamthuanphat.vn\/?post_type=product&#038;p=1866"},"modified":"2025-03-21T15:51:20","modified_gmt":"2025-03-21T08:51:20","slug":"tham-trai-san-van-phong-winner-carpet","status":"publish","type":"product","link":"https:\/\/thamthuanphat.vn\/?product=tham-trai-san-van-phong-winner-carpet","title":{"rendered":"Th\u1ea3m Tr\u1ea3i S\u00e0n V\u0103n Ph\u00f2ng Winner Carpet"},"content":{"rendered":"<p><strong>Th\u1ea3m cu\u1ed9n tr\u1ea3i s\u00e0n Winner<\/strong>\u00a0th\u01b0\u1eddng \u0111\u01b0\u1ee3c d\u00f9ng l\u00e0m th\u1ea3m tr\u1ea3i v\u0103n ph\u00f2ng, tr\u1ea3i nh\u00e0 ri\u00eang, tr\u1ea3i ph\u00f2ng kh\u00e1ch, ph\u00f2ng ng\u1ee7, tr\u1ea3i shop qu\u1ea7n \u00e1o, qu\u00e1n c\u00e0 ph\u00ea, qu\u00e1n bida, tr\u1ea3i h\u1ed9i tr\u01b0\u1eddng, ph\u00f2ng gym, c\u1ea7u thang v.v\u2026 v\u1edbi thi\u1ebft k\u1ebf m\u1ed9t m\u00e0u \u0111\u01a1n s\u1eafc, \u0111\u1ed3 b\u1ec1n cao v\u00e0 v\u1ec7 sinh d\u1ec5 d\u00e0ng.<\/p>\n<p>Th\u1ea3m winner c\u00f3 m\u00e0u s\u1eafc nh\u00e3 nh\u1eb7n v\u1eeba gi\u00fap t\u1ea1o n\u00ean kh\u00f4ng gian tr\u1ea3i th\u1ea3m c\u00f3 d\u1ed9 sang tr\u1ecdng l\u1ea1i v\u1eeba gi\u00fap t\u1ea1o n\u00e9t ri\u00eang m\u00e0 kh\u00f4ng ph\u1ea3i v\u1edbi d\u00f2ng th\u1ea3m n\u00e0o c\u0169ng c\u00f3 \u0111\u01b0\u1ee3c.<\/p>\n<p>B\u00ean c\u1ea1nh \u0111\u00f3 l\u00e0 \u0111\u1ed9 d\u00e0y th\u1ea3m cu\u1ed9n 4-5mm, t\u1ea1o s\u1ef1 \u00eam \u00e1i, m\u1ec1m m\u1ea1i cho \u0111\u00f4i b\u00e0n ch\u00e2n khi b\u01b0\u1edbc l\u00ean, v\u00e0 kh\u1ea3 n\u0103ng l\u00e0m gi\u1ea3m ti\u1ebfng \u1ed3n kh\u00f4ng gian c\u0169ng \u0111\u01b0\u1ee3c \u0111\u00e1nh gi\u00e1 kh\u00e1 cao khi s\u1eed d\u1ee5ng m\u1eabu th\u1ea3m cu\u1ed9n tr\u1ea3i s\u00e0n v\u0103n ph\u00f2ng n\u00e0y.<br \/>\n<img decoding=\"async\" src=\"https:\/\/thamachau.vn\/profiles\/thamachauvn\/uploads\/attach\/1566549091_tong-hop-cac-mautham-winner.jpg\" alt=\"T\u1ed5ng h\u1ee3p c\u00e1c m\u1eabu th\u1ea3m cu\u1ed9n tr\u1ea3i s\u00e0n v\u0103n ph\u00f2ng Winner\" \/><\/p>\n<p>Theo \u0111\u00f3 th\u1ea3m c\u0169ng s\u1ebd c\u00f3 tu\u1ed5i th\u1ecd l\u00e2u d\u00e0i gi\u00fap ng\u01b0\u1eddi d\u00f9ng c\u00f3 th\u1ec3 \u0111\u01b0\u1ee3c y\u00ean t\u00e2m khi kh\u00f4ng ph\u1ea3i th\u01b0\u1eddng xuy\u00ean thay nh\u1eefng b\u1ed9 th\u1ea3m m\u1edbi, ch\u1ec9 v\u00ec ch\u00fang b\u1ecb bai s\u1ee3i, phai m\u00e0u, l\u00fan x\u1eb9p m\u1ea5t t\u00ednh th\u1ea9m m\u1ef9. \u0110\u00e2y c\u0169ng l\u00e0 \u0111i\u1ec1u khi\u1ebfn cho kh\u00e1ch h\u00e0ng c\u1ea3m th\u1ea5y kh\u00e1 h\u00e0i l\u00f2ng nh\u1ea5t khi s\u1edf h\u1eefu b\u1ed9 th\u1ea3m winner.<\/p>\n<p><strong>Th\u00f4ng s\u1ed1 k\u0129 thu\u1eadt<\/strong><\/p>\n<p><em><strong>D\u1ea1ng th\u1ea3m: Th\u1ea3m cu\u1ed9n.<br \/>\nChi\u1ec1u r\u1ed9ng kh\u1ed5 cu\u1ed9n: 3.66 m.<br \/>\nChi\u1ec1u d\u00e0i kh\u1ed5 cu\u1ed9n: 35 m.<br \/>\n\u0110\u1ed9 d\u00e0y th\u1ea3m: \u2248 5 mm.<br \/>\nKi\u1ec3u d\u1ec7t: M\u00f3c v\u00f2ng (Loop pile).<br \/>\nCh\u1ea5t li\u1ec7u: 100% PP.<br \/>\nXu\u1ea5t x\u1ee9: Indonesia<\/strong><\/em><\/p>\n","protected":false},"excerpt":{"rendered":"<p><span style=\"color: #ed1c24;\"><strong>\u0110\u01a1n gi\u00e1 t\u00ednh theo m\u00e9t vu\u00f4ng<\/strong><\/span><\/p>\n<p><strong><span style=\"color: #ed1c24;\">Gi\u00e1 ch\u01b0a bao g\u1ed3m 8% thu\u1ebf GTGT<\/span><\/strong><\/p>\n<p><strong>\u2022 Th\u00f4ng s\u1ed1 k\u0129 thu\u1eadt<\/strong><\/p>\n<p><em><strong> \u203a D\u1ea1ng th\u1ea3m: Th\u1ea3m cu\u1ed9n.<br \/>\n\u203a Chi\u1ec1u r\u1ed9ng kh\u1ed5 cu\u1ed9n: 3.66 m.<br \/>\n\u203a Chi\u1ec1u d\u00e0i kh\u1ed5 cu\u1ed9n: 35 m.<br \/>\n\u203a \u0110\u1ed9 d\u00e0y th\u1ea3m: \u2248 5 mm.<br \/>\n\u203a Ki\u1ec3u d\u1ec7t: M\u00f3c v\u00f2ng (Loop pile).<br \/>\n\u203a Ch\u1ea5t li\u1ec7u: 100% PP.<br \/>\n\u203a Xu\u1ea5t x\u1ee9: Indonesia<\/strong><\/em><\/p>\n","protected":false},"featured_media":1867,"comment_status":"open","ping_status":"closed","template":"","meta":{"inline_featured_image":false},"pwb-brand":[],"product_brand":[],"product_cat":[103,87,95],"product_tag":[],"class_list":{"0":"post-1866","1":"product","2":"type-product","3":"status-publish","4":"has-post-thumbnail","6":"product_cat-tham-van-phong","7":"product_cat-san-pham","8":"product_cat-tham-trai-san","10":"first","11":"instock","12":"shipping-taxable","13":"purchasable","14":"product-type-simple"},"acf":[],"brands":[],"_links":{"self":[{"href":"https:\/\/thamthuanphat.vn\/index.php?rest_route=\/wp\/v2\/product\/1866","targetHints":{"allow":["GET"]}}],"collection":[{"href":"https:\/\/thamthuanphat.vn\/index.php?rest_route=\/wp\/v2\/product"}],"about":[{"href":"https:\/\/thamthuanphat.vn\/index.php?rest_route=\/wp\/v2\/types\/product"}],"replies":[{"embeddable":true,"href":"https:\/\/thamthuanphat.vn\/index.php?rest_route=%2Fwp%2Fv2%2Fcomments&post=1866"}],"wp:featuredmedia":[{"embeddable":true,"href":"https:\/\/thamthuanphat.vn\/index.php?rest_route=\/wp\/v2\/media\/1867"}],"wp:attachment":[{"href":"https:\/\/thamthuanphat.vn\/index.php?rest_route=%2Fwp%2Fv2%2Fmedia&parent=1866"}],"wp:term":[{"taxonomy":"pwb-brand","embeddable":true,"href":"https:\/\/thamthuanphat.vn\/index.php?rest_route=%2Fwp%2Fv2%2Fpwb-brand&post=1866"},{"taxonomy":"product_brand","embeddable":true,"href":"https:\/\/thamthuanphat.vn\/index.php?rest_route=%2Fwp%2Fv2%2Fproduct_brand&post=1866"},{"taxonomy":"product_cat","embeddable":true,"href":"https:\/\/thamthuanphat.vn\/index.php?rest_route=%2Fwp%2Fv2%2Fproduct_cat&post=1866"},{"taxonomy":"product_tag","embeddable":true,"href":"https:\/\/thamthuanphat.vn\/index.php?rest_route=%2Fwp%2Fv2%2Fproduct_tag&post=1866"}],"curies":[{"name":"wp","href":"https:\/\/api.w.org\/{rel}","templated":true}]}}